e the highest common factor of 24 and f.
24
Suppose 0 = 3*k + 3*g - 54 + 18, 4*k - 44 = -3*g. Suppose 0 = 19*a + k*a - 2700. Calculate the highest common factor of a and 50.
50
Let c be 195/30 - (30/(-4))/(-5). Suppose -c*w + 11 = -4, 4*a - 108 = -4*w. What is the highest common factor of a and 312?
24
Suppose 2*r - 40 = 3*i, 5*r - 20*i = -25*i. What is the greatest common divisor of 19984 and r?
8
Let d(q) = 129*q**2 + q. Let w be d(-1). Let b(y) = 91*y + 9. Let n be b(0). Suppose -7*t + n*t = w. What is the highest common divisor of t and 48?
16
Let t be ((-43362)/(-1095))/(2/(-10) + 1/2). What is the greatest common divisor of t and 2244?
132
Suppose 131*o - 148*o + 265137 = -47561. What is the highest common factor of 34 and o?
34
Let k = -27 - -71. Suppose -4*n - 4*l = -k, -4*l = -2*n - l + 22. Suppose 195*v + 141*v - 78 = 258. Calculate the greatest common factor of v and n.
1
Let w be -1 + -4 + (-6 - (-7 - 7)). Suppose -11*m + 1148 = w*m. Calculate the greatest common divisor of 4 and m.
2
Let v(o) = -o**3 - 5*o**2 - 176*o - 967. Let i be v(-6). What is the highest common factor of i and 4625?
125
Suppose 4*g - 168 = 4*y, -5*g + 70 = -3*y - 156. What is the greatest common factor of g and 1090?
10
Suppose 43849 = 103*a + 7230 - 47532. Calculate the greatest common divisor of 172 and a.
43
Let b = -17 + 30. Let g be 204 + -1 + 25 + -20. Calculate the greatest common divisor of g and b.
13
Let n(h) = -h**2 - 9*h - 11. Suppose 3*i = 6*i + 9. Let o be n(i). What is the greatest common divisor of o and 4?
1
Let d(f) = f + 45. Let x be d(-4). Let t = x - 18. Suppose -t*q + 760 = -4*q. Calculate the greatest common factor of q and 8.
8
Let n be ((-4)/3)/1 + 832/156. Suppose n*r = -f + 8, -r + 4 = -2*f - 7. What is the highest common divisor of r and 51?
3
Let g(b) = b**3 + 7*b**2 + 3*b + 3. Let a be g(-6). Let k(l) = -107*l**2 + 57352*l + 189. Let m be k(536). What is the greatest common factor of a and m?
21
Let x be 5/((-17)/(-9) - 2). Let j = -25 - x. Let z be -90*((-4)/6)/(-5 + 6). Calculate the greatest common factor of j and z.
20
Suppose 3*v = o - 10, 3*v + 9*o - 13*o = -22. Let g be ((-126)/56 + 1/v)*-8. Calculate the greatest common factor of g and 198.
22
Suppose -69 = -2*u - 5*d + 27, -2*u + 2*d = -96. Suppose -23 + 5 = -6*j. Let q be (-31 + -1)*-3*j/18. Calculate the highest common divisor of u and q.
16
Let o be (-25)/((-600)/(-276))*(-2 - 5 - -1). Calculate the highest common divisor of 4623 and o.
69
Let l = -77 + 110. Suppose -2*x = 4*g - 182, 2*g - 21*x + 18*x = 79. Calculate the greatest common factor of l and g.
11
Suppose -5*k + 6*k - 378 = -3*v, 5*v = 5. Calculate the highest common divisor of k and 165.
15
Let i(t) = -3286*t + 4922. Let q be i(-6). What is the highest common factor of 194 and q?
194
Let a(f) = f**2 + 3367*f + 70270. Let x be a(-21). Let h(z) = 7*z**2 - 3*z - 4. Let s be h(3). What is the highest common divisor of s and x?
2
Let k be ((1179/12)/3)/((-652)/(-388592)). Calculate the highest common factor of 131 and k.
131
Suppose -3*g - 17541 = -5*m, -30*g + 25*g = 3*m - 10511. What is the highest common divisor of m and 14?
7
Let z = 11 + 10. Suppose 2*h = 99 + z. Let q(o) = 17*o**2 + 4084*o + 990. Let l be q(-240). What is the highest common factor of l and h?
30
Let k(l) = l**2 + 31*l - 1450. Let i be k(29). What is the greatest common divisor of 4 and i?
2
Suppose 2688 = 5122*m - 5116*m. Calculate the greatest common divisor of 20 and m.
4
Let t(j) = j**2 + 10*j + 8. Suppose 4 = 2*k, 2*l - k + 14 = -4*k. Let c be t(l). Suppose 0 = 3*a - 19 - 5. What is the greatest common factor of c and a?
8
Suppose -30*r = -128*r - 68*r + 332. Calculate the highest common divisor of 4626 and r.
2
Let r be ((-1672)/(-14))/(((-32)/28)/(-4)). What is the highest common factor of r and 304?
38
Let z = 24 + -20. Suppose -z*t = -2 - 6. Suppose -48 = -5*h + r, r - 26 = -t*h - 2*r. What is the highest common factor of 20 and h?
10
Let c be (644/2 + 1)*1. Let m(i) = 5*i**2 + 974*i + 2894. Let h be m(-3). Calculate the greatest common divisor of c and h.
17
Suppose -6*k - 35 = k. Let l be 18/((2/(-14))/(k/35)). What is the highest common divisor of 90 and l?
18
Let g be 14/(-4)*168/(-98). Suppose g = -4*f + 86. Let y = 2188 - 2178. What is the highest common factor of y and f?
10
Let c(a) = -140*a**3 + 21*a**2 + 69*a + 6. Let u be c(-3). What is the highest common factor of u and 8?
8
Let f(q) = -15*q**2 - 317*q - 4. Let i be f(-20). What is the highest common divisor of 624 and i?
48
Suppose -1 - 8 = -3*p. Suppose 2*z = -p*z + 20, -5*z = 3*s - 50. What is the greatest common divisor of 310 and s?
10
Suppose -3*f + 29 = -p - 93, 4*p = 5*f - 201. Suppose 0 = 8*l + f - 561. What is the greatest common factor of 130 and l?
65
Suppose -326 - 359 = -39*n + 563. Calculate the highest common factor of 1112 and n.
8
Suppose 47*v = -61*v + 1620. Let k(g) = 4*g**3 - 2*g**2 - 3*g - 2. Let q be k(4). Calculate the greatest common factor of q and v.
15
Suppose 2*o = -2*w + 18, 3*o - 5*o - 45 = -5*w. Let f(s) = 10*s + 50. Let j be f(-5). Suppose -5*u + j = -5. What is the greatest common divisor of w and u?
1
Suppose -g = g - 426. Let x = -12629 - -12700. What is the greatest common factor of x and g?
71
Suppose -1872 = -7*b - 9*b. Let u(a) = 119*a**2 - a - 1. Let l be u(1). Suppose l = -21*s + 24*s. Calculate the greatest common factor of s and b.
39
Suppose -254 - 146 = -5*p. Suppose 179*d = 180*d - 6, 834 = 3*r - d. Calculate the highest common divisor of p and r.
40
Let g = 549 + -445. Suppose -4*x + g + 112 = -2*w, w + 162 = 3*x. What is the highest common divisor of 216 and x?
54
Suppose -5*i = z - 2*i - 39, 3 = -3*i. Let q be (12/18)/((-2)/(-6)). Suppose 28 = -q*b + 4*b. Calculate the greatest common divisor of z and b.
14
Let c = -33955 - -34423. Calculate the highest common factor of 1296 and c.
36
Let v = -172 + 242. Let k(o) = -387*o + 118984. Let w be k(307). Calculate the highest common divisor of v and w.
35
Suppose -59*f + 68289 + 153476 = -38425. Calculate the highest common divisor of f and 240.
30
Suppose -j - 11 = -2*j. Let i be 2*12/22*22/8. Suppose -69*m = -72*m + i. What is the highest common divisor of m and j?
1
Suppose -5*b + 52485 = 5*o, -4*b - 89*o + 41994 = -91*o. What is the highest common divisor of 58 and b?
58
Let h = -18687 + 23775. What is the highest common divisor of h and 96?
96
Suppose o + 316 = 3*c, 0 = -3*c + 2*c - o + 100. Let h(t) = -59*t - 689. Let q be h(-13). Calculate the greatest common divisor of q and c.
26
Let l(o) = -17*o + 41. Let u be l(3). Let b(f) = -f**2 - 14*f - 19. Let p be b(u). Calculate the highest common factor of 3 and p.
3
Let o be (-9 - 8/(-168)*-7*-3) + 10700. Calculate the highest common factor of o and 44.
44
Suppose 3*s = -3*y + 27, -2*y + y = 3*s - 11. Let l be 10*(32/y + -3). Calculate the highest common factor of 65 and l.
5
Let o(m) = -m**2 - 32*m - 42. Let n(u) = u**3 + 28*u**2 - 27*u + 35. Let h be n(-29). Let t be o(h). What is the highest common factor of 385 and t?
55
Suppose -591*m + 3789 = -6849. Suppose 4*c - 5*d = 767, 2*c - 186 = 3*d + 195. Calculate the greatest common divisor of c and m.
18
Let y = -1005 - -1889. Calculate the highest common factor of 68 and y.
68
Let p be 128/(-12 - (-186)/15). What is the highest common divisor of 1216 and p?
64
Suppose -i = -5 + 2. Suppose -i*o - 4 + 40 = d, -4*d - o = -177. Let u = -1776 - -2136. What is the highest common divisor of u and d?
45
Let l(s) = s + 92. Let a be l(18). What is the highest common divisor of 682 and a?
22
Let u be 3/(-4)*7/((-105)/440). Suppose -33*i + u*i + 1782 = 0. Calculate the greatest common factor of i and 54.
54
Let m = -739 + 783. Let a be (-33)/(-6)*-8*-1. What is the highest common factor of m and a?
44
Suppose 0*n + 63 = 3*n. Suppose -r - 2*k - 364 = -5*r, 0 = -4*r - 3*k + 344. Let z = r - -100. Calculate the greatest common factor of z and n.
21
Let u(d) be the third derivative of d**5/20 + d**4/24 - 8*d**3/3 - 17*d**2. Let o be u(8). Let m = -88 + o. What is the highest common divisor of m and 64?
32
Let g be 26 + ((-13)/26)/((-2)/(-20)). Suppose -g*o = -19*o - 58. What is the greatest common factor of o and 1363?
29
Let p = -6 + 3. Let m(l) = 2. Let f(d) = -2*d + 26. Let k(v) 